 common divisor of 635 and 96139?
127
Calculate the greatest common factor of 275 and 7436.
11
Calculate the highest common factor of 6852211 and 106.
53
Calculate the greatest common divisor of 290 and 146450.
290
Calculate the highest common divisor of 25 and 3955825.
25
Calculate the highest common divisor of 546 and 6138.
6
What is the highest common factor of 5103 and 2538?
27
Calculate the highest common divisor of 82565 and 337.
337
What is the greatest common factor of 352 and 1619398?
22
What is the greatest common factor of 5404 and 1084853?
1351
Calculate the highest common divisor of 20263 and 138.
23
What is the greatest common divisor of 5429 and 82?
1
What is the highest common divisor of 3168 and 177696?
288
Calculate the greatest common divisor of 2928 and 2496.
48
Calculate the greatest common factor of 190 and 277495.
95
What is the highest common factor of 45520 and 3440?
80
What is the greatest common factor of 158023 and 114?
19
What is the greatest common divisor of 50 and 194?
2
What is the greatest common divisor of 1638508 and 444?
148
Calculate the greatest common factor of 80 and 199350.
10
Calculate the highest common factor of 10173957 and 519.
519
Calculate the greatest common divisor of 1018645 and 82.
41
Calculate the greatest common divisor of 206544 and 80.
16
Calculate the greatest common divisor of 140152 and 24.
8
Calculate the greatest common divisor of 182 and 3752.
14
Calculate the highest common divisor of 60 and 2495.
5
What is the highest common divisor of 204018 and 666?
222
Calculate the greatest common factor of 2127852 and 36.
36
Calculate the highest common factor of 360 and 38760.
120
What is the highest common divisor of 1585080 and 90?
90
What is the highest common divisor of 35364 and 420?
84
What is the greatest common factor of 72 and 29052?
36
Calculate the highest common divisor of 10120551 and 21.
21
Calculate the highest common divisor of 9717 and 1501.
79
What is the greatest common factor of 1897 and 34069?
7
What is the greatest common factor of 80 and 101380?
20
Calculate the highest common factor of 1482 and 19.
19
Calculate the greatest common divisor of 2563 and 539.
11
Calculate the greatest common divisor of 213724 and 1904.
476
What is the greatest common factor of 185948 and 14?
14
What is the highest common factor of 133404 and 156?
12
Calculate the highest common factor of 715 and 34255.
65
Calculate the greatest common divisor of 229245 and 1395.
465
What is the greatest common factor of 3984 and 1577?
83
What is the greatest common divisor of 600 and 2615400?
600
What is the highest common factor of 27 and 1541079?
27
Calculate the greatest common factor of 10340 and 22.
22
What is the highest common divisor of 12 and 16431?
3
What is the greatest common divisor of 22044 and 48?
12
Calculate the highest common factor of 569430 and 1485.
135
What is the highest common divisor of 1738 and 4642?
22
What is the highest common divisor of 360 and 96885?
45
Calculate the highest common divisor of 19700 and 56500.
100
Calculate the greatest common divisor of 4247 and 2329.
137
What is the highest common divisor of 13110 and 32982?
138
Calculate the highest common factor of 792311 and 16874.
767
What is the greatest common factor of 46056 and 14592?
456
Calculate the highest common divisor of 8624 and 1470.
98
What is the greatest common factor of 290072 and 4646?
202
What is the highest common factor of 288 and 77472?
288
What is the highest common factor of 502 and 4331758?
502
What is the highest common factor of 264 and 70536?
24
Calculate the greatest common divisor of 3456 and 3712.
128
Calculate the greatest common divisor of 554 and 795821.
277
What is the highest common factor of 3700652 and 4?
4
Calculate the highest common factor of 5 and 1209905.
5
Calculate the greatest common divisor of 273 and 1291108.
91
Calculate the greatest common factor of 49557 and 147.
3
What is the highest common divisor of 963762 and 42?
6
What is the greatest common factor of 45 and 4293765?
45
What is the greatest common factor of 101 and 123523?
101
Calculate the greatest common divisor of 480 and 1519520.
160
Calculate the greatest common factor of 1912 and 459358.
478
What is the greatest common divisor of 681413 and 58?
29
What is the highest common factor of 841942 and 68?
34
Calculate the highest common divisor of 46 and 1013771.
23
Calculate the highest common factor of 25 and 542825.
25
Calculate the greatest common divisor of 3895 and 1640.
205
What is the greatest common divisor of 18 and 716022?
18
Calculate the greatest common factor of 15 and 512310.
15
What is the greatest common factor of 142002 and 23?
23
What is the greatest common factor of 18 and 108135?
9
Calculate the greatest common factor of 5 and 43705.
5
Calculate the greatest common factor of 87611 and 12199.
1109
What is the highest common divisor of 21 and 7?
7
What is the highest common factor of 3042977 and 791?
791
Calculate the greatest common divisor of 276 and 17058.
6
What is the greatest common divisor of 475046 and 11?
11
Calculate the highest common divisor of 3443922 and 653.
653
What is the greatest common divisor of 53 and 55597?
53
Calculate the highest common factor of 264 and 102091.
11
Calculate the greatest common factor of 21525 and 9375.
75
Calculate the greatest common factor of 840 and 391055.
35
What is the greatest common factor of 90072 and 5184?
648
Calculate the highest common divisor of 18 and 112878.
18
What is the highest common factor of 277552 and 76?
76
Calculate the greatest common divisor of 48 and 41136.
48
Calculate the highest common factor of 765 and 20.
5
What is the greatest common divisor of 24192 and 14292?
36
Calculate the greatest common factor of 477 and 360453.
159
What is the highest common factor of 92847 and 6?
3
What is the highest common factor of 46 and 6095023?
23
Calculate the highest common factor of 266 and 38266.
38
Calculate the highest common divisor of 7276 and 544.
68
Calculate the highest common divisor of 803899 and 148.
37
What is the highest common divisor of 720 and 1746?
18
Calculate the greatest common divisor of 130 and 285155.
65
Calculate the highest common factor of 15222 and 5246.
86
Calculate the greatest common divisor of 15047 and 82.
41
What is the highest common factor of 5175 and 20025?
225
What is the highest common factor of 1519777 and 7?
7
What is the greatest common factor of 1014 and 3783?
39
Calculate the highest common factor of 183436 and 484.
484
Calculate the greatest common factor of 253 and 36777.
23
What is the highest common divisor of 3561958 and 178?
178
Calculate the greatest common divisor of 50 and 57490.
10
What is the greatest common factor of 122408 and 264?
88
What is the greatest common factor of 1463 and 66101?
133
What is the highest common factor of 558773 and 1088?
17
What is the highest common factor of 24840 and 14720?
920
Calculate the highest common divisor of 241041 and 2.
1
What is the greatest common divisor of 36259 and 202?
101
What is the greatest common divisor of 150 and 88125?
75
What is the greatest common factor of 2200 and 1101650?
550
Calculate the highest common factor of 55498 and 6.
2
Calculate the greatest common factor of 50 and 1283425.
25
Calculate the greatest common divisor of 17 and 151334.
17
Calculate the greatest common divisor of 228240 and 1020.
60
Calculate the highest common factor of 1419 and 1530628.
473
What is the highest common factor of 70 and 9070?
10
Calculate the highest common divisor of 31878 and 6118.
322
What is the greatest common divisor of 22149 and 2419163?
2461
Calculate the highest common factor of 14161 and 77741.
289
What is the greatest common factor of 2 and 26018?
2
What is the highest common divisor of 16655 and 5?
5
What is the greatest common divisor of 286 and 824824?
286
Calculate the highest common factor of 58716 and 54.
18
What is the highest common factor of 995418 and 306?
306
Calculate the greatest common divisor of 62540 and 45.
5
Calculate the greatest common factor of 75 and 45555.
15
Calculate the highest common factor of 80 and 1552.
16
Calculate the greatest common factor of 8064 and 1152.
1152
Calculate the greatest common 